 = 2*c + 26. Calculate the remainder when g(-10) is divided by l.
0
Let f = 51 - -34. Suppose -f = -5*x - r, -r + 4*r = 0. Calculate the remainder when 47 is divided by x.
13
Suppose 0 = -0*g - 4*g + 132. Calculate the remainder when g is divided by ((-15)/10)/(1/(-6)).
6
Let u = 4 - 0. Suppose -2*b + u*b - 62 = 0. Suppose -23 = 3*p - 56. What is the remainder when b is divided by p?
9
Let t(v) = 39*v - 1. Let p = -20 + 21. What is the remainder when t(p) is divided by 10?
8
Let q(f) = -3*f + 75. What is the remainder when 13 is divided by q(23)?
1
Let v(i) = -4*i + 8. What is the remainder when 93 is divided by v(-4)?
21
Suppose 3*j = 2*s - j + 2, -5*s + 2*j = -11. Let m(a) = a**2 + 5*a + 5. Calculate the remainder when m(-5) is divided by s.
2
Suppose 2*b - 30 = -4*k - 6, 0 = 5*k - 2*b - 12. What is the remainder when 11 is divided by k?
3
Suppose -2*g = 0, h - 59 = g + 24. Let l = 124 - h. What is the remainder when l is divided by 21?
20
Let n = 113 + -49. Let d = n - 38. Calculate the remainder when d is divided by 14.
12
Let m = 51 + -32. What is the remainder when 36 is divided by m?
17
Suppose 8*g + 24 = 10*g. What is the remainder when 118 is divided by g?
10
Suppose -32*a + 27*a + 145 = 0. Calculate the remainder when 113 is divided by a.
26
What is the remainder when 34 is divided by 21 - (2 + 1 - 0)?
16
Suppose t = -2*w + 19, 2*t - w - 58 = -0*w. Calculate the remainder when 134 is divided by t.
26
Suppose 4*f + 5*w = f + 28, 44 = 3*f + w. Suppose -3*k + 240 = k. Calculate the remainder when k is divided by f.
12
Suppose 0 = -g + 5*g + 20. Let p(m) = m**2 - m - 3. Let a be p(g). Suppose a = 2*k - 27. Calculate the remainder when k is divided by 7.
6
Suppose -2*d + 634 = 3*u, -3*u + d = -3*d - 622. Suppose -2*p = -4*p + u. What is the remainder when p is divided by 27?
24
Let j(b) = 10*b**2 + 18*b - 11*b**2 - 7*b. Calculate the remainder when j(8) is divided by 13.
11
Let f = 8 + 3. What is the remainder when 16 is divided by f?
5
Let d(t) = -t**2 - t + 12. Let m be d(0). Let w = m + -6. What is the remainder when 16 is divided by w?
4
Suppose 6*j - 11*j + 95 = 0. Calculate the remainder when j is divided by 11.
8
Let z be 0/(9/3) + -1. Let w = z + 8. Calculate the remainder when 97/5 + (-4)/10 is divided by w.
5
Suppose 0 = 4*q - q - 81. Suppose -f + q = 2*f. What is the remainder when 17 is divided by f?
8
Let x(y) = y**3 + 4*y**2 + 2*y + 4. Suppose -4*i + 0*i - 26 = -3*m, -3*m = 5*i + 19. What is the remainder when x(-3) is divided by m?
1
Suppose -4*t = t - 10. Let m = 15 - 6. Let s = -8 + m. What is the remainder when t is divided by s?
0
Let z(a) = a**2 + 8*a - 2. What is the remainder when z(-14) is divided by 14?
12
Suppose -3*p + 2*w = -115, -105 = p - 4*p - 3*w. Calculate the remainder when p is divided by (-2)/(-3) - 116/(-6).
17
Suppose 15 = 5*h, 9 - 3 = -d + 5*h. What is the remainder when 33 is divided by d?
6
Let t(r) = -r**2 - 3*r - 2. Let x be t(-1). Calculate the remainder when 23 is divided by (x - 4/12)*-18.
5
Suppose 0*b = -4*b + 212. Suppose 0 = -3*x + 112 + b. Calculate the remainder when x is divided by 19.
17
Suppose -68 = -2*a + 24. Suppose 3*v - 32 = v. Calculate the remainder when a is divided by v.
14
Suppose l = -1, -l - 2 = c - 17. What is the remainder when 28 is divided by c?
12
Suppose -2 = 2*a - 0, o = -5*a + 1. What is the remainder when 11 is divided by o?
5
Let c = 38 - 9. What is the remainder when 85 is divided by c?
27
Let a = 45 + -36. Calculate the remainder when 71 is divided by a.
8
Let a(i) = i**2 + i - 2. Let r = 4 - 1. Let p = 2 + 2. Calculate the remainder when a(r) is divided by p.
2
Suppose 3*i - 7*i - 5*s + 43 = 0, 0 = 2*s + 10. Let g(l) = -5*l - 47. Calculate the remainder when g(-22) is divided by i.
12
Suppose -17 = -4*g - 5*y, -11 + 0 = -5*g + 4*y. Let r(u) = 2*u**2 - 8*u + 17. What is the remainder when r(3) is divided by g?
2
Let z = 16 - 7. Suppose z*u = 6*u + 171. What is the remainder when u is divided by 15?
12
Let z be (-8)/(-6)*(-9)/(-6). Suppose 2*a + z*a = -v - 4, -5*a - 5 = -v. Let j = 6 + a. Calculate the remainder when j is divided by 2.
1
Let u = 2 - -4. Suppose -30 = -u*c + 5*c - 5*l, 5*c + l = 78. Calculate the remainder when 29 is divided by c.
14
Suppose z = -4*z + 165. What is the remainder when z is divided by 17?
16
Let z be 21/(1*-3) + 1. Let n be (-2)/(-6) + 2/z. Suppose -3*u = 5*c + 2*u - 20, 4*c + 3*u - 13 = n. Calculate the remainder when c is divided by 1.
0
Let b(m) = 2*m - 15. What is the remainder when (-38)/57 + 112/6 is divided by b(11)?
4
Let u = 29 + -11. What is the remainder when 69 is divided by u?
15
Let r = 105 + -39. What is the remainder when 10/(-5)*r/(-4) is divided by 17?
16
Let b(v) = v**2 + 5*v + 7. Let n be b(-5). Let h(t) = t**2 - 5*t - 1. Calculate the remainder when h(n) is divided by 5.
3
Let h = 8 + -18. Let j be (h - -4)*2/(-3). Suppose 3*k - 7 = g - 0, -24 = -j*k + 5*g. What is the remainder when 1 is divided by k?
0
Let w(k) = -10*k - 29. Suppose -5*c + 23 + 87 = 4*v, -2*v = 0. What is the remainder when w(-7) is divided by c?
19
Let q = 259 - 79. Let n = -107 + q. Calculate the remainder when n is divided by 25.
23
Let x be -3 + 8 + 1 + -2. Suppose -5*o - x*t + 63 = 0, -2*o = -4*t - 2 - 12. What is the remainder when o is divided by 4?
3
Suppose 2*f + l = 203, -2*l = 5*f - 52 - 456. Calculate the remainder when f is divided by 36.
30
Suppose -t - 3*t = 4*h - 100, 2*t = 4*h + 62. Let a = 13 - 6. What is the remainder when t is divided by a?
6
Suppose -72 = -3*p + p. Suppose -4*n - 3*k + 7*k + p = 0, 0 = -2*k - 10. What is the remainder when 11 is divided by n?
3
Let r = 0 + 14. Let o be (-5)/(58/30 - 2). Suppose 2*i - 5*f = o, -4*i + 3*f - 203 = -9*i. What is the remainder when i is divided by r?
12
Suppose 5*x = -4*j + 142, 35 = x + 4*j - 3. Let u = x + -13. What is the remainder when 38 is divided by u?
12
Suppose 0*r = -2*r + 16. Calculate the remainder when 29 is divided by r.
5
Suppose 5*b - b = 4*a - 12, -5*a = 3*b - 39. Calculate the remainder when ((-8)/(-16))/(3/(54 - 0)) is divided by a.
3
Let y = 15 - -12. What is the remainder when (y + 1/(-1))/2 is divided by 4?
1
Let o(d) = 13*d**2 - d - 2. Let u be o(-1). Let b = u + 7. Calculate the remainder when 55 is divided by b.
17
Suppose 2*a = g - 0*g - 9, -4*g + 5*a = -33. What is the remainder when g is divided by 3?
1
Let a be (-2)/2 + 16/4. Let q = a + 21. What is the remainder when 94 is divided by q?
22
Suppose -3*s = -14*s + 1155. Calculate the remainder when s is divided by 9.
6
Let b(j) = 8*j - 1 - 1 + 0*j. What is the remainder when b(3) is divided by 8?
6
Let m(y) = 7*y - 4. Let h be m(5). Let v be ((-36)/(-10))/((-1)/(-5)). Let z = h - v. What is the remainder when z is divided by 7?
6
Suppose q - 2*a - 8 = -2*q, -4*q - 3*a + 5 = 0. Let g be -400 + q/(-3)*3. What is the remainder when 1/2 + g/(-12) is divided by 12?
10
Let s = -2 - -5. Suppose 5 + 28 = s*c. What is the remainder when 7*1*1*3 is divided by c?
10
Let z(y) = 17*y**2 + 2*y - 1. What is the remainder when z(2) is divided by 24?
23
Let j(f) = -f**2 - 13*f + 1. Let i be j(-13). Calculate the remainder when 37 is divided by 19/(i/3*3).
18
Suppose 3*n + 4*z - 25 - 15 = 0, 3*n + 5*z = 41. Suppose j = -55 - n. Let f = j + 97. Calculate the remainder when f is divided by 16.
14
Suppose 4*a - 9 = x - 29, 2*a = -2*x. Suppose -x*h + 57 = -35. Suppose o - 4*u = h, -5*u - 15 = -2*u. Calculate the remainder when o is divided by 2.
1
Suppose 4*a - 1 - 219 = 0. Let k = -39 + a. Suppose -4*s - 5*i = -2*i - 39, 0 = 2*s - 4*i - 14. Calculate the remainder when k is divided by s.
7
What is the remainder when (-1 - 4)/(5/(-55)) is divided by 12?
7
Let k = 6 - 5. Let i = -2 - -4. Suppose 0 = -2*x + 2*l + 10, 11 + 3 = i*x - 3*l. Calculate the remainder when k is divided by x.
0
Let b be 1/(-3) + 26/6. Let t(g) = -4*g - 5. What is the remainder when 16*((-2)/1 + b) is divided by t(-4)?
10
Suppose 3*f + 5*l + 20 = -0*l, 4*l = f - 16. Suppose f = -0*w - w + 31. Calculate the remainder when w is divided by 8.
7
Suppose 30 = 3*b - 3*q, 2 - 3 = -q. What is the remainder when 42 is divided by b?
9
Let i(p) = p**3 - p**2 + 2*p - 3. Let n be i(3). Suppose 4 = g - n. Let m = 45 - g. Calculate the remainder when m is divi